{"id":70,"date":"2018-10-06T14:41:46","date_gmt":"2018-10-06T12:41:46","guid":{"rendered":"http:\/\/rubenczal.cz\/?page_id=70"},"modified":"2025-10-25T01:03:22","modified_gmt":"2025-10-24T23:03:22","slug":"minule-rocniky","status":"publish","type":"page","link":"https:\/\/rubenczal.cz\/index.php\/minule-rocniky\/","title":{"rendered":"Minul\u00e9 ro\u010dn\u00edky"},"content":{"rendered":"\n<h1 class=\"wp-block-heading\">V\u00fdsledkov\u00e9 listiny<\/h1>\n\n\n\n<hr class=\"wp-block-separator has-alpha-channel-opacity is-style-wide\"\/>\n\n\n\n<p class=\"has-small-font-size\"><\/p>\n\n\n\n<p class=\"has-medium-font-size\">15.ro\u010dn\u00edk z\u00e1vodu 11.10.2025<\/p>\n\n\n\n<p><a href=\"https:\/\/rubenczal.cz\/wp-content\/uploads\/2025\/10\/vysledovka_kategorie_2025.pdf\" target=\"_blank\" rel=\"noreferrer noopener\">v\u00fdsledovka dle kategori\u00ed<\/a><\/p>\n\n\n\n<p><a href=\"https:\/\/rubenczal.cz\/wp-content\/uploads\/2025\/10\/vysledovka_absolutne_2025.pdf\" target=\"_blank\" rel=\"noreferrer noopener\">v\u00fdsledovka absolutn\u011b<\/a><\/p>\n\n\n\n<h3 class=\"wp-block-heading\">14.ro\u010dn\u00edk z\u00e1vodu 19.10.2024<\/h3>\n\n\n\n<p><a href=\"https:\/\/rubenczal.cz\/wp-content\/uploads\/2024\/10\/vysledovka_2024.pdf\" target=\"_blank\" rel=\"noreferrer noopener\">vysledovka_2024<\/a><\/p>\n\n\n\n<p><a href=\"https:\/\/rubenczal.cz\/wp-content\/uploads\/2024\/10\/vysledovka_2024_absolutne.pdf\" target=\"_blank\" rel=\"noreferrer noopener\">vysledovka_2024_absolutne<\/a><\/p>\n\n\n\n<h3 class=\"wp-block-heading\">13.ro\u010dn\u00edk z\u00e1vodu<\/h3>\n\n\n\n<p><a href=\"https:\/\/rubenczal.cz\/wp-content\/uploads\/2023\/10\/oficial_vysledovka_2023.pdf\" target=\"_blank\" rel=\"noopener\">oficial_vysledovka_2023<\/a><\/p>\n\n\n\n<h3 class=\"wp-block-heading\">10.ro\u010dn\u00edk z\u00e1vodu<\/h3>\n\n\n\n<p><a href=\"https:\/\/rubenczal.cz\/wp-content\/uploads\/2021\/10\/rubenczal_2021_absolutne.pdf\" target=\"_blank\" rel=\"noopener\">rubenczal_2021_absolutn\u011b<\/a><\/p>\n\n\n\n<p><a href=\"https:\/\/rubenczal.cz\/wp-content\/uploads\/2021\/10\/rubenczal_2021_dle_kategorii.pdf\" target=\"_blank\" rel=\"noopener\">rubenczal_2021_dle_kategorii<\/a><\/p>\n\n\n\n<h3 class=\"wp-block-heading\">8. ro\u010dn\u00edk z\u00e1vodu<\/h3>\n\n\n\n<p><a href=\"https:\/\/rubenczal.cz\/wp-content\/uploads\/2018\/10\/Rubenczal2018_Absolutn?.pdf\">Rubenczal2018_Absolutn\u011b<\/a><\/p>\n\n\n\n<p><a href=\"https:\/\/rubenczal.cz\/wp-content\/uploads\/2018\/10\/Rubenczal2018_PoKategori\u00edch.pdf\">Rubenczal2018_PoKategori\u00edch<\/a><\/p>\n\n\n\n<h3 class=\"wp-block-heading\">7. ro\u010dn\u00edk z\u00e1vodu<\/h3>\n\n\n\n<p><a href=\"http:\/\/files.rubenczal.webnode.cz\/200000236-d071bd16ae\/Rubenczal2017_Absolutn?.pdf\">Rubenczal 2017_V\u00fdsledkov\u00e1_listina_absolutn\u00ed_po\u0159ad\u00ed.pdf (29089)<\/a><\/p>\n\n\n\n<p><a href=\"http:\/\/files.rubenczal.webnode.cz\/200000237-0d1b50e159\/Rubenczal2017_PoKategori\u00edch.pdf\">Rubenczal 2017_V\u00fdsledkov\u00e1_listina_po\u0159ad\u00ed_dle_kategori\u00ed.pdf (31217)<\/a><\/p>\n\n\n\n<h3 class=\"wp-block-heading\">6. ro\u010dn\u00edk z\u00e1vodu<\/h3>\n\n\n\n<p><a href=\"http:\/\/files.rubenczal.webnode.cz\/200000234-6b8ce6e7a5\/RUBENCZAL 2016_V\u00fdsledkov\u00e1 listina_absolutn\u00ed po?ad\u00ed (mu\u017ei, \u017eeny).pdf\">RUBENCZAL 2016_V\u00fdsledkov\u00e1 listina_absolutn\u00ed po\u0159ad\u00ed (mu\u017ei, \u017eeny).pdf&nbsp;<\/a><\/p>\n\n\n\n<p><a href=\"http:\/\/files.rubenczal.webnode.cz\/200000235-5410a56055\/RUBENCZAL 2016_V\u00fdsledkov\u00e1 listina_po?ad\u00ed podle kategori\u00ed\u00ed.pdf (31704).pdf\">RUBENCZAL 2016_V\u00fdsledkov\u00e1 listina_po\u0159ad\u00ed podle kategori\u00ed\u00ed.pdf (31704).pdf&nbsp;<\/a><\/p>\n\n\n\n<h3 class=\"wp-block-heading\">5. ro\u010dn\u00edk z\u00e1vodu<\/h3>\n\n\n\n<p><a href=\"http:\/\/files.rubenczal.webnode.cz\/200000230-6d0e66e086\/RUBENCZAL 2015_V\u00fdsledkov\u00e1 listina_absolutn\u00ed po?ad\u00ed (mu\u017ei, \u017eeny).pdf\">RUBENCZAL 2015_V\u00fdsledkov\u00e1 listina_absolutn\u00ed po\u0159ad\u00ed (mu\u017ei, \u017eeny).pdf (29937)<\/a><\/p>\n\n\n\n<p><a href=\"http:\/\/files.rubenczal.webnode.cz\/200000231-53a6055985\/RUBENCZAL 2015_V\u00fdsledkov\u00e1 listina_absolutn\u00ed po?ad\u00ed.pdf\">RUBENCZAL 2015_V\u00fdsledkov\u00e1 listina_absolutn\u00ed po\u0159ad\u00ed.pdf (29713)<\/a><\/p>\n\n\n\n<p><a href=\"http:\/\/files.rubenczal.webnode.cz\/200000232-cbbe8ccb84\/RUBENCZAL 2015_V\u00fdsledkov\u00e1 listina_po?ad\u00ed podle kategori\u00ed\u00ed.pdf\">RUBENCZAL 2015_V\u00fdsledkov\u00e1 listina_po\u0159ad\u00ed podle kategori\u00ed\u00ed.pdf (31704)<\/a><\/p>\n\n\n\n<h3 class=\"wp-block-heading\">4. ro\u010dn\u00edk z\u00e1vodu<\/h3>\n\n\n\n<p><a href=\"http:\/\/files.rubenczal.webnode.cz\/200000226-a1833a27d2\/RUBENCZAL 2014_V\u00fdsledkov\u00e1 listina_absolutn\u00ed po?ad\u00ed.pdf\">RUBENCZAL 2014_V\u00fdsledkov\u00e1 listina_absolutn\u00ed po\u0159ad\u00ed.pdf (32706)<\/a><\/p>\n\n\n\n<p><a href=\"http:\/\/files.rubenczal.webnode.cz\/200000225-e8ce9eac13\/RUBENCZAL 2014_V\u00fdsledkov\u00e1 listina_absolutn\u00ed po?ad\u00ed (mu\u017ei, \u017eeny).pdf\">RUBENCZAL 2014_V\u00fdsledkov\u00e1 listina_absolutn\u00ed po\u0159ad\u00ed (mu\u017ei, \u017eeny).pdf (33084)<\/a><\/p>\n\n\n\n<p><a href=\"http:\/\/files.rubenczal.webnode.cz\/200000227-5170053654\/RUBENCZAL 2014_V\u00fdsledkov\u00e1 listina_po?ad\u00ed podle kategori\u00ed\u00ed.pdf\">RUBENCZAL 2014_V\u00fdsledkov\u00e1 listina_po\u0159ad\u00ed podle kategori\u00ed\u00ed.pdf (33675)<\/a><\/p>\n\n\n\n<h3 class=\"wp-block-heading\">3. ro\u010dn\u00edk z\u00e1vodu<\/h3>\n\n\n\n<p><a href=\"http:\/\/files.rubenczal.webnode.cz\/200000217-2206f2302d\/RUBENCZAL 2013_V\u00fdsledkov\u00e1 listina_absolutn\u00ed po?ad\u00ed.pdf\">RUBENCZAL 2013_V\u00fdsledkov\u00e1 listina_absolutn\u00ed po\u0159ad\u00ed.pdf (29667)<\/a><\/p>\n\n\n\n<p><a href=\"http:\/\/files.rubenczal.webnode.cz\/200000216-91b1892ac0\/RUBENCZAL 2013_V\u00fdsledkov\u00e1 listina_po?ad\u00ed podle kategori\u00ed.pdf\">RUBENCZAL 2013_V\u00fdsledkov\u00e1 listina_po\u0159ad\u00ed podle kategori\u00ed.pdf (33022)<\/a><\/p>\n\n\n\n<h3 class=\"wp-block-heading\">2. ro\u010dn\u00edk z\u00e1vodu<\/h3>\n\n\n\n<p><a href=\"http:\/\/files.rubenczal.webnode.cz\/200000199-6457865518\/RUBENCZAL_V%C3%BDsledkov%C3%A1%20listina%202012.pdf\">RUBENCZAL_V\u00fdsledkov\u00e1 listina 2012.pdf (21,7 kB)<\/a><\/p>\n\n\n\n<h3 class=\"wp-block-heading\">1. ro\u010dn\u00edk z\u00e1vodu<\/h3>\n\n\n\n<p><a href=\"http:\/\/files.rubenczal.webnode.cz\/200000153-42ba643b30\/RUBENCZAL_V%C3%BDsledkov%C3%A1%20listina%202011.pdf\">RUBENCZAL_V\u00fdsledkov\u00e1 listina 2011.pdf (25,9 kB)<\/a><br><\/p>\n","protected":false},"excerpt":{"rendered":"<p>V\u00fdsledkov\u00e9 listiny 15.ro\u010dn\u00edk z\u00e1vodu 11.10.2025 v\u00fdsledovka dle kategori\u00ed v\u00fdsledovka absolutn\u011b 14.ro\u010dn\u00edk z\u00e1vodu 19.10.2024 vysledovka_2024 vysledovka_2024_absolutne 13.ro\u010dn\u00edk z\u00e1vodu oficial_vysledovka_2023 10.ro\u010dn\u00edk z\u00e1vodu rubenczal_2021_absolutn\u011b rubenczal_2021_dle_kategorii 8. ro\u010dn\u00edk z\u00e1vodu Rubenczal2018_Absolutn\u011b Rubenczal2018_PoKategori\u00edch 7. ro\u010dn\u00edk z\u00e1vodu Rubenczal 2017_V\u00fdsledkov\u00e1_listina_absolutn\u00ed_po\u0159ad\u00ed.pdf (29089) Rubenczal 2017_V\u00fdsledkov\u00e1_listina_po\u0159ad\u00ed_dle_kategori\u00ed.pdf (31217) 6. ro\u010dn\u00edk z\u00e1vodu RUBENCZAL 2016_V\u00fdsledkov\u00e1 listina_absolutn\u00ed po\u0159ad\u00ed (mu\u017ei, \u017eeny).pdf&nbsp; RUBENCZAL 2016_V\u00fdsledkov\u00e1 listina_po\u0159ad\u00ed podle kategori\u00ed\u00ed.pdf (31704).pdf&nbsp; 5. ro\u010dn\u00edk z\u00e1vodu RUBENCZAL &hellip; <\/p>\n<p class=\"link-more\"><a href=\"https:\/\/rubenczal.cz\/index.php\/minule-rocniky\/\" class=\"more-link\">Pokra\u010dovat ve \u010dten\u00ed<span class=\"screen-reader-text\"> &#8222;Minul\u00e9 ro\u010dn\u00edky&#8220;<\/span><\/a><\/p>\n","protected":false},"author":1,"featured_media":0,"parent":0,"menu_order":0,"comment_status":"closed","ping_status":"closed","template":"","meta":{"ngg_post_thumbnail":0,"footnotes":""},"class_list":["post-70","page","type-page","status-publish","hentry"],"_links":{"self":[{"href":"https:\/\/rubenczal.cz\/index.php\/wp-json\/wp\/v2\/pages\/70","targetHints":{"allow":["GET"]}}],"collection":[{"href":"https:\/\/rubenczal.cz\/index.php\/wp-json\/wp\/v2\/pages"}],"about":[{"href":"https:\/\/rubenczal.cz\/index.php\/wp-json\/wp\/v2\/types\/page"}],"author":[{"embeddable":true,"href":"https:\/\/rubenczal.cz\/index.php\/wp-json\/wp\/v2\/users\/1"}],"replies":[{"embeddable":true,"href":"https:\/\/rubenczal.cz\/index.php\/wp-json\/wp\/v2\/comments?post=70"}],"version-history":[{"count":14,"href":"https:\/\/rubenczal.cz\/index.php\/wp-json\/wp\/v2\/pages\/70\/revisions"}],"predecessor-version":[{"id":3477,"href":"https:\/\/rubenczal.cz\/index.php\/wp-json\/wp\/v2\/pages\/70\/revisions\/3477"}],"wp:attachment":[{"href":"https:\/\/rubenczal.cz\/index.php\/wp-json\/wp\/v2\/media?parent=70"}],"curies":[{"name":"wp","href":"https:\/\/api.w.org\/{rel}","templated":true}]}}