{"id":39,"date":"2018-10-06T11:28:47","date_gmt":"2018-10-06T09:28:47","guid":{"rendered":"http:\/\/rubenczal.cz\/?page_id=39"},"modified":"2025-10-12T11:53:18","modified_gmt":"2025-10-12T09:53:18","slug":"propozice-zavodu","status":"publish","type":"page","link":"https:\/\/rubenczal.cz\/index.php\/propozice-zavodu\/","title":{"rendered":"Propozice 2026"},"content":{"rendered":"<div>\n<h4>Term\u00edn:<br \/>\n<strong>10.10.2026<\/strong><\/h4>\n<p>Leto\u0161n\u00ed, ji\u017e 16-ct\u00fd ro\u010dn\u00edk. V\u011b\u0159\u00edme, \u017ee jsme trasu vymazlili. Vyslechli jsme Va\u0161e podn\u011bty a st\u00e1le pracujeme na naprosto ide\u00e1ln\u00ed trase. Kde se sna\u017e\u00edme, aby vedla v co nejv\u011bt\u0161\u00ed m\u00ed\u0159e, mimo asfalt. A v\u011b\u0159te, \u017ee jedn\u00e1n\u00ed s KRNAPem nejsou v\u016fbec jednoduch\u00e1. A tyto jedn\u00e1n\u00ed, jsou na dlouhou trasu &#8230;. A st\u00e1le prob\u00edhaj\u00ed.<\/p>\n<p>Start bude voln\u00fd od 11:00 do 12.00 hod, kdo se chce vydat s\u00e1m. <strong>Hlavn\u00ed start bude 10.10.2026 ve 12:00 hod.<\/strong><\/p>\n<p><a href=\"https:\/\/mapy.com\/s\/jejozavaba\" target=\"_blank\" rel=\"noopener\">Trasu si m\u016f\u017eete prohl\u00e9dnout na mapy.cz<\/a><\/p>\n<p><a href=\"https:\/\/rubenczal.cz\/wp-content\/uploads\/2025\/09\/rubenczal_trasa_2025.gpx\" target=\"_blank\" rel=\"noopener\">Digit\u00e1ln\u00ed trasa ke sta\u017een\u00ed zde<\/a><\/p>\n<p>Registrace na m\u00edst\u011b je mo\u017en\u00e1 10.10.2026 od 9:30 do 11:20 hod v restauraci Horsk\u00e9 chaty Port\u00e1\u0161ky.<br \/>\nLimit pro dob\u011bh je 16:30 hod.<\/p>\n<p>Leto\u0161n\u00ed ro\u010dn\u00edk bude zna\u010den <strong>pouze elektronicky<\/strong>.&nbsp; Je to kv\u016fli tomu, \u017ee se KRNAPu dluhodob\u011b nel\u00edb\u00ed f\u00e1bory, kter\u00fdmi jsme zna\u010dili trasu. A m\u00e1me v podm\u00ednk\u00e1ch, \u017ee to tak mus\u00edme ud\u011blat.<\/p>\n<p>\u010casom\u00edrou budou Va\u0161e hodinky a chytr\u00e9 mobily.<\/p>\n<p>Po dob\u011bhnut\u00ed do c\u00edle, nahl\u00e1s\u00edte V\u00e1mi zm\u011b\u0159en\u00fd \u010das po\u0159adatel\u016fm.<\/p>\n<p><a href=\"https:\/\/rubenczal.cz\/index.php\/trat-a-profil\/\"><strong>Tra\u0165 z\u00e1vodu jsme kapku zm\u011bnili.<\/strong><\/a><\/p>\n<p>Tra\u0165 vede od Horsk\u00e9 chaty Port\u00e1\u0161ky, nahoru na R\u016f\u017eohorky, a pak do \u00fadol\u00ed Pece pod Sn\u011b\u017ekou, vystoup\u00e1 kolem \u00dapsk\u00e9 samoty na \u010cernokosteleckou boudu. Odtud Javo\u0159\u00ed cestou a\u017e pod Kol\u00ednskou boudu a pak k vys\u00edla\u010di na \u010cern\u00e9 ho\u0159e. Potom p\u0159es P\u011bticest\u00ed, Val\u0161ovy boudy skles\u00e1 do Velk\u00e9 \u00dapy a pak se vrac\u00ed p\u0159es \u0160raml na m\u00edsto startu. Po cest\u011b bude n\u011bkolikero ob\u010derstvova\u010dek.<\/p>\n<p>D\u00e9lka: 23,6 km<br \/>\nNastoupan\u00e9 v\u00fd\u0161kov\u00e9 metry: 1.312 m<br \/>\nSestoupan\u00e9 v\u00fd\u0161kov\u00e9 metry: 1.312 m<br \/>\nNejvy\u0161\u00ed bod: 1.299 m n m.<br \/>\nNejni\u017e\u0161\u0161\u00ed bod: 699 m n m.<\/p>\n<p>Mapov\u00e9 podklady poskytneme bu\u010f v digit\u00e1n\u00ed podob\u011b (gpx),<strong><a href=\"https:\/\/rubenczal.cz\/wp-content\/uploads\/2025\/09\/rubenczal_trasa_2025.gpx\" target=\"_blank\" rel=\"noopener\"> tady pod t\u00edmto odkazem<\/a> &nbsp;<\/strong>,&nbsp; nebo ti\u0161t\u011bn\u00e9 form\u011b od 9:00 do 11:30 v restauraci na Port\u00e1\u0161k\u00e1ch.<\/p>\n<p>Mapa trasy, v\u010detn\u011b profilu trasy a p\u0159ev\u00fd\u0161en\u00ed, bude prom\u00edt\u00e1na&nbsp; v j\u00eddeln\u011b Horsk\u00e9 chaty Port\u00e1\u0161ky, po celou dobu z\u00e1vodu.<\/p>\n<p>A ve\u010der samoz\u0159ejm\u011b after p\u00e1rty!<\/p>\n<h4>Registrace na m\u00edst\u011b:<br \/>\n<strong>10.10.2026 od 9:30 do 11:20 hod<\/strong><\/h4>\n<p>P\u0159edregistrace <a href=\"https:\/\/rubenczal.cz\/index.php\/registrace-2\/\">On-line zde<\/a><\/p>\n<h4>\u010cas startu:<br \/>\n<strong>&nbsp;12:00 hodin p\u0159ed Horskou chatou Port\u00e1\u0161ky<br \/>\n<\/strong><\/h4>\n<h4>\u010cas uzav\u0159en\u00ed z\u00e1vodu:<br \/>\n<strong>V 16:30 hodin p\u0159ed Horskou chatou Port\u00e1\u0161ky<\/strong><\/h4>\n<p><strong>Startovn\u00ed bal\u00ed\u010dek obsahuje:<br \/>\n<\/strong><\/p>\n<p>\u010c\u00edslo z\u00e1vodn\u00edka<br \/>\nN\u00e1poje a ob\u010derstven\u00ed po trase z\u00e1vodu<br \/>\nKu\u0159ec\u00ed rizoto se zeleninou v c\u00edli z\u00e1vodu<br \/>\nPitn\u00fd re\u017eim v c\u00edli z\u00e1vodu<br \/>\nParkov\u00e1n\u00ed u chaty &#8211; je nutn\u00e9 vy\u0159\u00eddit povolen\u00ed pro vjezd!<br \/>\nVe\u010dern\u00ed After p\u00e1rty<\/p>\n<ul>\n<li>REGISTRACE NA M\u00cdST\u011a: Dosp\u011bl\u00ed 690,- K\u010d<\/li>\n<li>ON-LINE p\u0159edregistrace: Dosp\u011bl\u00ed 390,-&nbsp; K\u010d<\/li>\n<\/ul>\n<p>Kdo je ubytov\u00e1n na Horsk\u00e9 chat\u011b Port\u00e1\u0161ky v dob\u011b kon\u00e1n\u00ed z\u00e1vodu m\u00e1 startovn\u00e9 zdarma! Ale i tak je t\u0159eba vyplnit <a href=\"https:\/\/rubenczal.cz\/index.php\/registrace-2\/\">registra\u010dn\u00ed formul\u00e1\u0159<\/a>.<\/p>\n<h3><em><a href=\"https:\/\/rubenczal.cz\/index.php\/registrace-2\/\" rel=\"noopener\">P\u0159edregistrace on-line<\/a><\/em><\/h3>\n<p>P\u0159edregistrace je otev\u0159ena od 12.10.2025 do 8.10. 2026<\/p>\n<p><a href=\"http:\/\/www.portasky.cz\" target=\"_blank\" rel=\"noopener\"><strong><u>Start i c\u00edl je na horsk\u00e9 chat\u011b Port\u00e1\u0161ky <\/u>(1050 m.n.m.).<\/strong><\/a><\/p>\n<p>Tra\u0165 vede po turistick\u00fdch cest\u00e1ch,&nbsp; se dv\u011bmi ob\u010derstvovac\u00edmi stanicemi (vys\u00edla\u010d \u010cern\u00e1 hora a Vek\u00e1 \u00dapa). A n\u011bkolika nespecifikovan\u00fdmi kontroln\u00edmi stanovi\u0161ti.<\/p>\n<p>Po ukon\u010den\u00ed z\u00e1vodu se uskute\u010dn\u00ed vyhl\u00e1\u0161en\u00ed v\u00fdsledk\u016f (16:30) v jednotliv\u00fdch kategori\u00ed a afterparty s &#8222;duchem hor&#8220; m\u016f\u017ee za\u010d\u00edt.<\/p>\n<p><u><strong>Z\u00c1VOD JE ROZD\u011aL\u011aN DO T\u011aCHTO KATEGORI\u00cd:<\/strong><\/u><\/p>\n<ul>\n<li>\n<table width=\"187\">\n<tbody>\n<tr>\n<td colspan=\"2\" width=\"187\">A &#8211; Mu\u017ei od 17&nbsp; do 39 let<\/td>\n<\/tr>\n<tr>\n<td colspan=\"2\">B \u2013 Mu\u017ei od 40 \u2013 48 let<\/td>\n<\/tr>\n<tr>\n<td colspan=\"2\">C \u2013 Mu\u017ei od 49 \u2013 50 let<\/td>\n<\/tr>\n<tr>\n<td colspan=\"2\">D \u2013 Mu\u017ei 51 a v\u00edce<\/td>\n<\/tr>\n<tr>\n<td colspan=\"2\">E &#8211; \u017deny od 18 do 34 let<\/td>\n<\/tr>\n<tr>\n<td colspan=\"2\">F \u2013 \u017deny 35 let a v\u00edce<\/td>\n<\/tr>\n<\/tbody>\n<\/table>\n<\/li>\n<\/ul>\n<p>Kdo chce p\u0159ijet autem a\u017e k chat\u011b Port\u00e1\u0161ky mus\u00ed m\u00edt POVOLEN\u00cd PRO VJEZD od KRNAPu. Povolen\u00ed bude vystaveno jen \u00fa\u010dastn\u00edk\u016fm z\u00e1vodu. <a href=\"http:\/\/www.portasky.cz\/files_after_php_works\/popis_cesty_leto.pdf\" target=\"_blank\" rel=\"noopener\">Jak ho z\u00edskat, naleznete zde.<\/a><\/p>\n<p>T\u011b\u0161\u00edme se na V\u00e1s<\/p>\n<p>V\u00e1\u0161 t\u00fdm RUBENCZAL<\/p>\n<\/div>\n","protected":false},"excerpt":{"rendered":"<p>Term\u00edn: 10.10.2026 Leto\u0161n\u00ed, ji\u017e 16-ct\u00fd ro\u010dn\u00edk. V\u011b\u0159\u00edme, \u017ee jsme trasu vymazlili. Vyslechli jsme Va\u0161e podn\u011bty a st\u00e1le pracujeme na naprosto ide\u00e1ln\u00ed trase. Kde se sna\u017e\u00edme, aby vedla v co nejv\u011bt\u0161\u00ed m\u00ed\u0159e, mimo asfalt. A v\u011b\u0159te, \u017ee jedn\u00e1n\u00ed s KRNAPem nejsou v\u016fbec jednoduch\u00e1. A tyto jedn\u00e1n\u00ed, jsou na dlouhou trasu &#8230;. A st\u00e1le prob\u00edhaj\u00ed. Start bude &hellip; <\/p>\n<p class=\"link-more\"><a href=\"https:\/\/rubenczal.cz\/index.php\/propozice-zavodu\/\" class=\"more-link\">Pokra\u010dovat ve \u010dten\u00ed<span class=\"screen-reader-text\"> &#8222;Propozice 2026&#8220;<\/span><\/a><\/p>\n","protected":false},"author":1,"featured_media":0,"parent":0,"menu_order":0,"comment_status":"closed","ping_status":"closed","template":"","meta":{"ngg_post_thumbnail":0,"footnotes":""},"class_list":["post-39","page","type-page","status-publish","hentry"],"_links":{"self":[{"href":"https:\/\/rubenczal.cz\/index.php\/wp-json\/wp\/v2\/pages\/39","targetHints":{"allow":["GET"]}}],"collection":[{"href":"https:\/\/rubenczal.cz\/index.php\/wp-json\/wp\/v2\/pages"}],"about":[{"href":"https:\/\/rubenczal.cz\/index.php\/wp-json\/wp\/v2\/types\/page"}],"author":[{"embeddable":true,"href":"https:\/\/rubenczal.cz\/index.php\/wp-json\/wp\/v2\/users\/1"}],"replies":[{"embeddable":true,"href":"https:\/\/rubenczal.cz\/index.php\/wp-json\/wp\/v2\/comments?post=39"}],"version-history":[{"count":68,"href":"https:\/\/rubenczal.cz\/index.php\/wp-json\/wp\/v2\/pages\/39\/revisions"}],"predecessor-version":[{"id":3467,"href":"https:\/\/rubenczal.cz\/index.php\/wp-json\/wp\/v2\/pages\/39\/revisions\/3467"}],"wp:attachment":[{"href":"https:\/\/rubenczal.cz\/index.php\/wp-json\/wp\/v2\/media?parent=39"}],"curies":[{"name":"wp","href":"https:\/\/api.w.org\/{rel}","templated":true}]}}