{"id":2137,"date":"2023-10-18T16:57:31","date_gmt":"2023-10-18T14:57:31","guid":{"rendered":"http:\/\/rubenczal.cz\/?page_id=2137"},"modified":"2023-10-18T18:52:20","modified_gmt":"2023-10-18T16:52:20","slug":"2023-2","status":"publish","type":"page","link":"https:\/\/rubenczal.cz\/index.php\/2023-2\/","title":{"rendered":"2023"},"content":{"rendered":"\n<p>Dne 14.10.2023 prob\u011bhl ji\u017e 13-ct\u00fd ro\u010dn\u00edk z\u00e1vodu Rubenczal. Po\u010das\u00ed se nakonec umoud\u0159ilo a b\u011b\u017eci si to n\u00e1ramn\u011b u\u017eili. <br>R\u00e1di bychom pod\u011bkovali na\u0161emu hlavn\u00edmu partnerovi <a href=\"http:\/\/www.sportpec.cz\" target=\"_blank\" rel=\"noreferrer noopener\">SportPec<\/a> za kr\u00e1sn\u00e9 ceny a pomoc s organizac\u00ed.<br>T\u011b\u0161\u00edme se na V\u00e1s na dal\u0161\u00edm ro\u010dn\u00edku a to 19.10.2024!<\/p>\n\n\n\n<p class=\"has-medium-font-size\"><strong>Fotky ze startu a c\u00edle<\/strong><\/p>\n\n\n\nngg_shortcode_0_placeholder\n\n\n\n<p class=\"has-medium-font-size\"><strong>Fotky ze stanovi\u0161t\u011b v Javo\u0159\u00edm dole<\/strong><\/p>\n\n\n\nngg_shortcode_1_placeholder\n\n\n\n<p class=\"has-medium-font-size\"><strong>Fotky z pr\u016fb\u011bhu z\u00e1vodu<\/strong><\/p>\n\n\n\nngg_shortcode_2_placeholder\n\n\n\n<p class=\"has-medium-font-size\"><strong>Fotky ze stanovi\u0161t\u011b na \u010cern\u00e9 ho\u0159e<\/strong><\/p>\n\n\n\nngg_shortcode_3_placeholder\n\n\n\n<p class=\"has-medium-font-size\"><strong>A nakonec videa z ve\u010dern\u00ed Afrterp\u00e1rty<\/strong><\/p>\n\n\n\n<figure class=\"wp-block-video\"><video height=\"480\" style=\"aspect-ratio: 848 \/ 480;\" width=\"848\" controls src=\"https:\/\/rubenczal.cz\/wp-content\/uploads\/2023\/10\/Video-WhatsApp-2023-10-16-v-12.59.08_0ab2a741.mp4\"><\/video><\/figure>\n\n\n\n<figure class=\"wp-block-video\"><video height=\"480\" style=\"aspect-ratio: 848 \/ 480;\" width=\"848\" controls src=\"https:\/\/rubenczal.cz\/wp-content\/uploads\/2023\/10\/Video-WhatsApp-2023-10-16-v-12.59.46_8072850d.mp4\"><\/video><\/figure>\n\n\n\n<figure class=\"wp-block-video\"><video height=\"480\" style=\"aspect-ratio: 848 \/ 480;\" width=\"848\" controls src=\"https:\/\/rubenczal.cz\/wp-content\/uploads\/2023\/10\/Video-WhatsApp-2023-10-16-v-12.58.08_247b8d92.mp4\"><\/video><\/figure>\n\n\n\n<figure class=\"wp-block-video\"><video height=\"480\" style=\"aspect-ratio: 848 \/ 480;\" width=\"848\" controls src=\"https:\/\/rubenczal.cz\/wp-content\/uploads\/2023\/10\/Video-WhatsApp-2023-10-16-v-12.58.08_19f9fbb5.mp4\"><\/video><\/figure>\n","protected":false},"excerpt":{"rendered":"<p>Dne 14.10.2023 prob\u011bhl ji\u017e 13-ct\u00fd ro\u010dn\u00edk z\u00e1vodu Rubenczal. Po\u010das\u00ed se nakonec umoud\u0159ilo a b\u011b\u017eci si to n\u00e1ramn\u011b u\u017eili. R\u00e1di bychom pod\u011bkovali na\u0161emu hlavn\u00edmu partnerovi SportPec za kr\u00e1sn\u00e9 ceny a pomoc s organizac\u00ed.T\u011b\u0161\u00edme se na V\u00e1s na dal\u0161\u00edm ro\u010dn\u00edku a to 19.10.2024! Fotky ze startu a c\u00edle Fotky ze stanovi\u0161t\u011b v Javo\u0159\u00edm dole Fotky z pr\u016fb\u011bhu &hellip; <\/p>\n<p class=\"link-more\"><a href=\"https:\/\/rubenczal.cz\/index.php\/2023-2\/\" class=\"more-link\">Pokra\u010dovat ve \u010dten\u00ed<span class=\"screen-reader-text\"> &#8222;2023&#8220;<\/span><\/a><\/p>\n","protected":false},"author":1,"featured_media":0,"parent":0,"menu_order":0,"comment_status":"closed","ping_status":"closed","template":"","meta":{"ngg_post_thumbnail":0,"footnotes":""},"class_list":["post-2137","page","type-page","status-publish","hentry"],"_links":{"self":[{"href":"https:\/\/rubenczal.cz\/index.php\/wp-json\/wp\/v2\/pages\/2137","targetHints":{"allow":["GET"]}}],"collection":[{"href":"https:\/\/rubenczal.cz\/index.php\/wp-json\/wp\/v2\/pages"}],"about":[{"href":"https:\/\/rubenczal.cz\/index.php\/wp-json\/wp\/v2\/types\/page"}],"author":[{"embeddable":true,"href":"https:\/\/rubenczal.cz\/index.php\/wp-json\/wp\/v2\/users\/1"}],"replies":[{"embeddable":true,"href":"https:\/\/rubenczal.cz\/index.php\/wp-json\/wp\/v2\/comments?post=2137"}],"version-history":[{"count":14,"href":"https:\/\/rubenczal.cz\/index.php\/wp-json\/wp\/v2\/pages\/2137\/revisions"}],"predecessor-version":[{"id":2324,"href":"https:\/\/rubenczal.cz\/index.php\/wp-json\/wp\/v2\/pages\/2137\/revisions\/2324"}],"wp:attachment":[{"href":"https:\/\/rubenczal.cz\/index.php\/wp-json\/wp\/v2\/media?parent=2137"}],"curies":[{"name":"wp","href":"https:\/\/api.w.org\/{rel}","templated":true}]}}

<p>Dne 14.10.2023 proběhl již 13-ctý ročník závodu Rubenczal. Počasí se nakonec umoudřilo a běžci si to náramně užili. <br>Rádi bychom poděkovali našemu hlavnímu partnerovi <a href="http://www.sportpec.cz" target="_blank" rel="noreferrer noopener">SportPec</a> za krásné ceny a pomoc s organizací.<br>Těšíme se na Vás na dalším ročníku a to 19.10.2024!</p>



<p class="has-medium-font-size"><strong>Fotky ze startu a cíle</strong></p>



ngg_shortcode_0_placeholder



<p class="has-medium-font-size"><strong>Fotky ze stanoviště v Javořím dole</strong></p>



ngg_shortcode_1_placeholder



<p class="has-medium-font-size"><strong>Fotky z průběhu závodu</strong></p>



ngg_shortcode_2_placeholder



<p class="has-medium-font-size"><strong>Fotky ze stanoviště na Černé hoře</strong></p>



ngg_shortcode_3_placeholder



<p class="has-medium-font-size"><strong>A nakonec videa z večerní Afrterpárty</strong></p>



<figure class="wp-block-video"><video height="480" style="aspect-ratio: 848 / 480;" width="848" controls src="https://rubenczal.cz/wp-content/uploads/2023/10/Video-WhatsApp-2023-10-16-v-12.59.08_0ab2a741.mp4"></video></figure>



<figure class="wp-block-video"><video height="480" style="aspect-ratio: 848 / 480;" width="848" controls src="https://rubenczal.cz/wp-content/uploads/2023/10/Video-WhatsApp-2023-10-16-v-12.59.46_8072850d.mp4"></video></figure>



<figure class="wp-block-video"><video height="480" style="aspect-ratio: 848 / 480;" width="848" controls src="https://rubenczal.cz/wp-content/uploads/2023/10/Video-WhatsApp-2023-10-16-v-12.58.08_247b8d92.mp4"></video></figure>



<figure class="wp-block-video"><video height="480" style="aspect-ratio: 848 / 480;" width="848" controls src="https://rubenczal.cz/wp-content/uploads/2023/10/Video-WhatsApp-2023-10-16-v-12.58.08_19f9fbb5.mp4"></video></figure>

<p>Dne 14.10.2023 proběhl již 13-ctý ročník závodu Rubenczal. Počasí se nakonec umoudřilo a běžci si to náramně užili. Rádi bychom poděkovali našemu hlavnímu partnerovi SportPec za krásné ceny a pomoc s organizací.Těšíme se na Vás na dalším ročníku a to 19.10.2024! Fotky ze startu a cíle Fotky ze stanoviště v Javořím dole Fotky z průběhu &hellip; </p>
<p class="link-more"><a href="https://rubenczal.cz/index.php/2023-2/" class="more-link">Pokračovat ve čtení<span class="screen-reader-text"> &#8222;2023&#8220;</span></a></p>
